51
What is the remainder when 9549 is divided by 149?
13
What is the remainder when 20146 is divided by 1418?
294
What is the remainder when 3652 is divided by 242?
22
Calculate the remainder when 174858 is divided by 59.
41
Calculate the remainder when 1503 is divided by 370.
23
Calculate the remainder when 5111 is divided by 88.
7
What is the remainder when 5603 is divided by 4?
3
What is the remainder when 13597 is divided by 128?
29
Calculate the remainder when 265 is divided by 126.
13
What is the remainder when 59940 is divided by 2497?
12
What is the remainder when 225224 is divided by 225215?
9
Calculate the remainder when 2406 is divided by 93.
81
What is the remainder when 21521 is divided by 7125?
146
What is the remainder when 48952 is divided by 831?
754
What is the remainder when 81203 is divided by 27040?
83
What is the remainder when 502105 is divided by 22?
21
What is the remainder when 2007 is divided by 1028?
979
What is the remainder when 918 is divided by 97?
45
Calculate the remainder when 2574766 is divided by 237.
235
What is the remainder when 11651 is divided by 2911?
7
What is the remainder when 134879 is divided by 91?
17
Calculate the remainder when 233742 is divided by 34.
26
Calculate the remainder when 12813 is divided by 2280.
1413
Calculate the remainder when 148017 is divided by 1035.
12
What is the remainder when 1024 is divided by 523?
501
What is the remainder when 5399 is divided by 44?
31
Calculate the remainder when 5995 is divided by 10.
5
Calculate the remainder when 7682 is divided by 76.
6
Calculate the remainder when 4052652 is divided by 20.
12
What is the remainder when 7997 is divided by 599?
210
Calculate the remainder when 14961 is divided by 1740.
1041
What is the remainder when 590652 is divided by 29?
9
Calculate the remainder when 3338 is divided by 486.
422
What is the remainder when 27955 is divided by 559?
5
What is the remainder when 651 is divided by 49?
14
Calculate the remainder when 36568 is divided by 1134.
280
What is the remainder when 143120 is divided by 1314?
1208
Calculate the remainder when 111103 is divided by 344.
335
What is the remainder when 4171 is divided by 169?
115
Calculate the remainder when 116638 is divided by 80.
78
What is the remainder when 11072 is divided by 382?
376
Calculate the remainder when 22979 is divided by 949.
203
Calculate the remainder when 8884 is divided by 66.
40
What is the remainder when 67642 is divided by 56?
50
Calculate the remainder when 55761 is divided by 30.
21
Calculate the remainder when 163349 is divided by 675.
674
Calculate the remainder when 11953 is divided by 5941.
71
What is the remainder when 14498 is divided by 80?
18
What is the remainder when 8212 is divided by 2735?
7
Calculate the remainder when 249066 is divided by 20753.
30
Calculate the remainder when 671 is divided by 8.
7
What is the remainder when 1379831 is divided by 413?
411
Calculate the remainder when 988 is divided by 251.
235
Calculate the remainder when 879 is divided by 667.
212
What is the remainder when 1945 is divided by 246?
223
Calculate the remainder when 116879 is divided by 111.
107
What is the remainder when 5187 is divided by 522?
489
What is the remainder when 15536 is divided by 972?
956
Calculate the remainder when 6466739 is divided by 20.
19
What is the remainder when 100535 is divided by 472?
471
Calculate the remainder when 1648060 is divided by 18.
16
What is the remainder when 1101863 is divided by 248?
247
What is the remainder when 1917507 is divided by 210?
207
What is the remainder when 643167 is divided by 808?
807
What is the remainder when 57152 is divided by 31?
19
What is the remainder when 14649 is divided by 1842?
1755
Calculate the remainder when 418638 is divided by 139543.
9
What is the remainder when 26365 is divided by 3591?
1228
Calculate the remainder when 28791 is divided by 29.
23
Calculate the remainder when 74594 is divided by 114.
38
What is the remainder when 3035304 is divided by 309?
306
Calculate the remainder when 7594 is divided by 7572.
22
What is the remainder when 6016106 is divided by 239?
237
Calculate the remainder when 1964 is divided by 216.
20
Calculate the remainder when 8796 is divided by 45.
21
What is the remainder when 1359 is divided by 85?
84
Calculate the remainder when 3081 is divided by 130.
91
What is the remainder when 549 is divided by 2?
1
What is the remainder when 254905 is divided by 57?
1
What is the remainder when 106393 is divided by 514?
509
What is the remainder when 8903 is divided by 8741?
162
What is the remainder when 3216 is divided by 213?
21
What is the remainder when 6244 is divided by 6237?
7
Calculate the remainder when 7621 is divided by 2468.
217
Calculate the remainder when 3564 is divided by 510.
504
Calculate the remainder when 424514 is divided by 688.
18
What is the remainder when 125858 is divided by 145?
143
What is the remainder when 442317 is divided by 59?
53
Calculate the remainder when 441323 is divided by 897.
896
Calculate the remainder when 3196 is divided by 3156.
40
Calculate the remainder when 3288 is divided by 302.
268
Calculate the remainder when 1336 is divided by 190.
6
Calculate the remainder when 534409 is divided by 167.
9
Calculate the remainder when 163524 is divided by 170.
154
What is the remainder when 242189 is divided by 399?
395
Calculate the remainder when 4366 is divided by 4207.
159
Calculate the remainder when 72155 is divided by 104.
83
What is the remainder when 9527 is divided by 15?
2
Calculate the remainder when 16007 is divided by 41.
17
What is the remainder when 17738 is divided by 27?
26
Calculate the remainder when 35147 is divided by 25.
22
What is the remainder when 79085 is divided by 338?
331
Calculate the remainder when 105439 is divided by 32.
31
Calculate the remainder when 1124 is divided by 420.
284
What is the remainder when 5646 is divided by 511?
25
Calculate the remainder when 2785 is divided by 15.
10
Calculate the remainder when 666170 is divided by 11.
10
What is the remainder when 45894 is divided by 151?
141
Calculate the remainder when 48639 is divided by 47.
41
Calculate the remainder when 26072 is divided by 59.
53
What is the remainder when 18330 is divided by 9162?
6
Calculate the remainder when 5716 is divided by 55.
51
Calculate the remainder when 1630 is divided by 1460.
170
What is the remainder when 853695 is divided by 64?
63
Calculate the remainder when 28241 is divided by 5.
1
Calculate the remainder when 1914771 is divided by 7.
5
Calculate the remainder when 11682 is divided by 57.
54
Calculate the remainder when 41438 is divided by 17.
9
What is the remainder when 107033 is divided by 53515?
3
What is the remainder when 3520 is divided by 1829?
1691
What is the remainder when 9808 is divided by 327?
325
What is the remainder when 37962 is divided by 279?
18
What is the remainder when 6567 is divided by 219?
216
Calculate the remainder when 18395 is divided by 18158.
237
What is the remainder when 524282 is divided by 7?
3
Calculate the remainder when 3529 is divided by 1170.
19
Calculate the remainder when 1194571 is divided by 74660.
11
What is the remainder when 81532 is divided by 135?
127
What is the remainder when 48977 is divided by 142?
129
Calculate the remainder when 58243 is divided by 21.
10
What is the remainder when 374 is divided by 308?
66
What is the remainder when 832 is divided by 172?
144
What is the remainder when 3192 is divided by 66?
24
What is the remainder when 3361 is divided by 3159?
202
What is the remainder when 10990 is divided by 3662?
4
Calculate the remainder when 34437 is divided by 70.
67
What is the remainder when 148 is divided by 125?
23
Calculate the remainder when 1403 is divided by 233.
5
What is the remainder when 25686 is divided by 1834?
10
Calculate the remainder when 917 is divided by 224.
21
What is the remainder when 34797 is divided by 335?
292
What is the remainder when 114122 is divided by 415?
412
Calculate the remainder when 20947 is divided by 83.
31
What is the remainder when 527 is divided by 253?
21
What is the remainder when 25526 is divided by 482?
462
Calculate the remainder when 4563578 is divided by 65.
58
Calculate 